{"id":194,"date":"2019-10-28T20:09:42","date_gmt":"2019-10-28T19:09:42","guid":{"rendered":"http:\/\/www.coopec.coop.py\/v1\/?page_id=194"},"modified":"2022-04-12T09:37:16","modified_gmt":"2022-04-12T13:37:16","slug":"memoria-y-balance","status":"publish","type":"page","link":"https:\/\/www.coopec.coop.py\/v1\/memoria-y-balance\/","title":{"rendered":"MEMORIA Y BALANCE"},"content":{"rendered":"\t\t<div data-elementor-type=\"wp-page\" data-elementor-id=\"194\" class=\"elementor elementor-194\">\n\t\t\t\t\t\t<section class=\"elementor-section elementor-top-section elementor-element elementor-element-03d0ae1 elementor-section-content-middle elementor-section-boxed elementor-section-height-default elementor-section-height-default\" data-id=\"03d0ae1\" data-element_type=\"section\" data-e-type=\"section\">\n\t\t\t\t\t\t<div class=\"elementor-container elementor-column-gap-no\">\n\t\t\t\t\t<div class=\"elementor-column elementor-col-100 elementor-top-column elementor-element elementor-element-7c319f9\" data-id=\"7c319f9\" data-element_type=\"column\" data-e-type=\"column\">\n\t\t\t<div class=\"elementor-widget-wrap elementor-element-populated\">\n\t\t\t\t\t\t<div class=\"elementor-element elementor-element-b8393f8 elementor-widget elementor-widget-heading\" data-id=\"b8393f8\" data-element_type=\"widget\" data-e-type=\"widget\" data-widget_type=\"heading.default\">\n\t\t\t\t<div class=\"elementor-widget-container\">\n\t\t\t\t\t<h4 class=\"elementor-heading-title elementor-size-default\">Resultados del Ejercicio 2021<\/h4>\t\t\t\t<\/div>\n\t\t\t\t<\/div>\n\t\t\t\t<div class=\"elementor-element elementor-element-0753b38 elementor-widget elementor-widget-text-editor\" data-id=\"0753b38\" data-element_type=\"widget\" data-e-type=\"widget\" data-widget_type=\"text-editor.default\">\n\t\t\t\t<div class=\"elementor-widget-container\">\n\t\t\t\t\t\t\t\t\t<p><span style=\"color: #999999;\">A continuaci\u00f3n presentamos el resultado de los desaf\u00edos propuestos para el ejercicio anterior, con el detalle de las estrategias, las pr\u00e1cticas y los informes de auditor\u00eda que abalan la correcta ejecuci\u00f3n de los planes operativos previstos.<\/span><\/p>\t\t\t\t\t\t\t\t<\/div>\n\t\t\t\t<\/div>\n\t\t\t\t\t<\/div>\n\t\t<\/div>\n\t\t\t\t\t<\/div>\n\t\t<\/section>\n\t\t\t\t<section class=\"elementor-section elementor-top-section elementor-element elementor-element-2938ecc elementor-section-height-min-height elementor-section-boxed elementor-section-height-default elementor-section-items-middle\" data-id=\"2938ecc\" data-element_type=\"section\" data-e-type=\"section\">\n\t\t\t\t\t\t<div class=\"elementor-container elementor-column-gap-default\">\n\t\t\t\t\t<div class=\"elementor-column elementor-col-100 elementor-top-column elementor-element elementor-element-85cba55\" data-id=\"85cba55\" data-element_type=\"column\" data-e-type=\"column\">\n\t\t\t<div class=\"elementor-widget-wrap elementor-element-populated\">\n\t\t\t\t\t\t<div class=\"elementor-element elementor-element-31537b3 elementor-widget elementor-widget-text-editor\" data-id=\"31537b3\" data-element_type=\"widget\" data-e-type=\"widget\" data-widget_type=\"text-editor.default\">\n\t\t\t\t<div class=\"elementor-widget-container\">\n\t\t\t\t\t\t\t\t\t<a href=\"https:\/\/www.coopec.coop.py\/v1\/wp-content\/uploads\/2022\/04\/MEMORIA-Y-BALANCE-2021-FINAL.pdf\" class=\"pdfemb-viewer\" style=\"\" data-width=\"max\" data-height=\"max\" data-toolbar=\"bottom\" data-toolbar-fixed=\"off\">MEMORIA Y BALANCE 2021 FINAL<\/a>\t\t\t\t\t\t\t\t<\/div>\n\t\t\t\t<\/div>\n\t\t\t\t<div class=\"elementor-element elementor-element-c43bf2e elementor-view-stacked elementor-shape-circle elementor-position-block-start elementor-mobile-position-block-start elementor-widget elementor-widget-icon-box\" data-id=\"c43bf2e\" data-element_type=\"widget\" data-e-type=\"widget\" data-widget_type=\"icon-box.default\">\n\t\t\t\t<div class=\"elementor-widget-container\">\n\t\t\t\t\t\t\t<div class=\"elementor-icon-box-wrapper\">\n\n\t\t\t\t\t\t<div class=\"elementor-icon-box-icon\">\n\t\t\t\t<a href=\"https:\/\/www.coopec.coop.py\/v1\/wp-content\/uploads\/2022\/04\/MEMORIA-Y-BALANCE-2021-FINAL.pdf\" class=\"elementor-icon elementor-animation-shrink\" tabindex=\"-1\" aria-label=\"DESCARGAR MEMORIA 2021\">\n\t\t\t\t<i aria-hidden=\"true\" class=\"fas fa-download\"><\/i>\t\t\t\t<\/a>\n\t\t\t<\/div>\n\t\t\t\n\t\t\t\t\t\t<div class=\"elementor-icon-box-content\">\n\n\t\t\t\t\t\t\t\t\t<h3 class=\"elementor-icon-box-title\">\n\t\t\t\t\t\t<a href=\"https:\/\/www.coopec.coop.py\/v1\/wp-content\/uploads\/2022\/04\/MEMORIA-Y-BALANCE-2021-FINAL.pdf\" >\n\t\t\t\t\t\t\tDESCARGAR MEMORIA 2021\t\t\t\t\t\t<\/a>\n\t\t\t\t\t<\/h3>\n\t\t\t\t\n\t\t\t\t\t\t\t\t\t<p class=\"elementor-icon-box-description\">\n\t\t\t\t\t\tHaga clic en el icono para descargar el documento.\t\t\t\t\t<\/p>\n\t\t\t\t\n\t\t\t<\/div>\n\t\t\t\n\t\t<\/div>\n\t\t\t\t\t\t<\/div>\n\t\t\t\t<\/div>\n\t\t\t\t\t<\/div>\n\t\t<\/div>\n\t\t\t\t\t<\/div>\n\t\t<\/section>\n\t\t\t\t<section class=\"elementor-section elementor-top-section elementor-element elementor-element-740d7656 elementor-section-content-middle elementor-section-boxed elementor-section-height-default elementor-section-height-default\" data-id=\"740d7656\" data-element_type=\"section\" data-e-type=\"section\">\n\t\t\t\t\t\t<div class=\"elementor-container elementor-column-gap-no\">\n\t\t\t\t\t<div class=\"elementor-column elementor-col-100 elementor-top-column elementor-element elementor-element-70c1c82a\" data-id=\"70c1c82a\" data-element_type=\"column\" data-e-type=\"column\">\n\t\t\t<div class=\"elementor-widget-wrap elementor-element-populated\">\n\t\t\t\t\t\t<div class=\"elementor-element elementor-element-6483ff71 elementor-widget elementor-widget-heading\" data-id=\"6483ff71\" data-element_type=\"widget\" data-e-type=\"widget\" data-widget_type=\"heading.default\">\n\t\t\t\t<div class=\"elementor-widget-container\">\n\t\t\t\t\t<h4 class=\"elementor-heading-title elementor-size-default\">Resultados del Ejercicio 2020<\/h4>\t\t\t\t<\/div>\n\t\t\t\t<\/div>\n\t\t\t\t<div class=\"elementor-element elementor-element-6fd37d4c elementor-widget elementor-widget-text-editor\" data-id=\"6fd37d4c\" data-element_type=\"widget\" data-e-type=\"widget\" data-widget_type=\"text-editor.default\">\n\t\t\t\t<div class=\"elementor-widget-container\">\n\t\t\t\t\t\t\t\t\t<p><span style=\"color: #999999;\">A continuaci\u00f3n presentamos el resultado de los desaf\u00edos propuestos para el ejercicio anterior, con el detalle de las estrategias, las pr\u00e1cticas y los informes de auditor\u00eda que abalan la correcta ejecuci\u00f3n de los planes operativos previstos.<\/span><\/p>\t\t\t\t\t\t\t\t<\/div>\n\t\t\t\t<\/div>\n\t\t\t\t\t<\/div>\n\t\t<\/div>\n\t\t\t\t\t<\/div>\n\t\t<\/section>\n\t\t\t\t<section class=\"elementor-section elementor-top-section elementor-element elementor-element-be6e56f elementor-section-height-min-height elementor-section-boxed elementor-section-height-default elementor-section-items-middle\" data-id=\"be6e56f\" data-element_type=\"section\" data-e-type=\"section\">\n\t\t\t\t\t\t<div class=\"elementor-container elementor-column-gap-default\">\n\t\t\t\t\t<div class=\"elementor-column elementor-col-100 elementor-top-column elementor-element elementor-element-7bb3740\" data-id=\"7bb3740\" data-element_type=\"column\" data-e-type=\"column\">\n\t\t\t<div class=\"elementor-widget-wrap elementor-element-populated\">\n\t\t\t\t\t\t<div class=\"elementor-element elementor-element-3254b7e elementor-widget elementor-widget-text-editor\" data-id=\"3254b7e\" data-element_type=\"widget\" data-e-type=\"widget\" data-widget_type=\"text-editor.default\">\n\t\t\t\t<div class=\"elementor-widget-container\">\n\t\t\t\t\t\t\t\t\t<a href=\"https:\/\/www.coopec.coop.py\/v1\/wp-content\/uploads\/2022\/04\/MEMORIA-2020.pdf\" class=\"pdfemb-viewer\" style=\"\" data-width=\"max\" data-height=\"max\" data-toolbar=\"bottom\" data-toolbar-fixed=\"off\">MEMORIA-2020<\/a>\t\t\t\t\t\t\t\t<\/div>\n\t\t\t\t<\/div>\n\t\t\t\t<div class=\"elementor-element elementor-element-84aa6ec elementor-widget elementor-widget-text-editor\" data-id=\"84aa6ec\" data-element_type=\"widget\" data-e-type=\"widget\" data-widget_type=\"text-editor.default\">\n\t\t\t\t<div class=\"elementor-widget-container\">\n\t\t\t\t\t\t\t\t\t<a href=\"https:\/\/www.coopec.coop.py\/v1\/wp-content\/uploads\/2022\/04\/RES.-INCOOP-N\u00b0-23.479-21-Aprob.-Temas-de-Asamblea-2020.pdf\" class=\"pdfemb-viewer\" style=\"\" data-width=\"max\" data-height=\"max\" data-toolbar=\"bottom\" data-toolbar-fixed=\"off\">RES. INCOOP N\u00b0 23.479-21 &#8211; Aprob. Temas de Asamblea 2020<\/a>\t\t\t\t\t\t\t\t<\/div>\n\t\t\t\t<\/div>\n\t\t\t\t<div class=\"elementor-element elementor-element-bf8d97e elementor-view-stacked elementor-shape-circle elementor-position-block-start elementor-mobile-position-block-start elementor-widget elementor-widget-icon-box\" data-id=\"bf8d97e\" data-element_type=\"widget\" data-e-type=\"widget\" data-widget_type=\"icon-box.default\">\n\t\t\t\t<div class=\"elementor-widget-container\">\n\t\t\t\t\t\t\t<div class=\"elementor-icon-box-wrapper\">\n\n\t\t\t\t\t\t<div class=\"elementor-icon-box-icon\">\n\t\t\t\t<a href=\"https:\/\/www.coopec.coop.py\/v1\/wp-content\/uploads\/2022\/04\/MEMORIA-2020.pdf\" class=\"elementor-icon elementor-animation-shrink\" tabindex=\"-1\" aria-label=\"DESCARGAR MEMORIA 2020\">\n\t\t\t\t<i aria-hidden=\"true\" class=\"fas fa-download\"><\/i>\t\t\t\t<\/a>\n\t\t\t<\/div>\n\t\t\t\n\t\t\t\t\t\t<div class=\"elementor-icon-box-content\">\n\n\t\t\t\t\t\t\t\t\t<h3 class=\"elementor-icon-box-title\">\n\t\t\t\t\t\t<a href=\"https:\/\/www.coopec.coop.py\/v1\/wp-content\/uploads\/2022\/04\/MEMORIA-2020.pdf\" >\n\t\t\t\t\t\t\tDESCARGAR MEMORIA 2020\t\t\t\t\t\t<\/a>\n\t\t\t\t\t<\/h3>\n\t\t\t\t\n\t\t\t\t\t\t\t\t\t<p class=\"elementor-icon-box-description\">\n\t\t\t\t\t\tHaga clic en el icono para descargar el documento.\t\t\t\t\t<\/p>\n\t\t\t\t\n\t\t\t<\/div>\n\t\t\t\n\t\t<\/div>\n\t\t\t\t\t\t<\/div>\n\t\t\t\t<\/div>\n\t\t\t\t\t<\/div>\n\t\t<\/div>\n\t\t\t\t\t<\/div>\n\t\t<\/section>\n\t\t\t\t<section class=\"elementor-section elementor-top-section elementor-element elementor-element-bfd1f09 elementor-section-content-middle elementor-section-boxed elementor-section-height-default elementor-section-height-default\" data-id=\"bfd1f09\" data-element_type=\"section\" data-e-type=\"section\">\n\t\t\t\t\t\t<div class=\"elementor-container elementor-column-gap-no\">\n\t\t\t\t\t<div class=\"elementor-column elementor-col-100 elementor-top-column elementor-element elementor-element-0a4adec\" data-id=\"0a4adec\" data-element_type=\"column\" data-e-type=\"column\">\n\t\t\t<div class=\"elementor-widget-wrap elementor-element-populated\">\n\t\t\t\t\t\t<div class=\"elementor-element elementor-element-11b6434 elementor-widget elementor-widget-heading\" data-id=\"11b6434\" data-element_type=\"widget\" data-e-type=\"widget\" data-widget_type=\"heading.default\">\n\t\t\t\t<div class=\"elementor-widget-container\">\n\t\t\t\t\t<h4 class=\"elementor-heading-title elementor-size-default\">Resultados del Ejercicio 2019<\/h4>\t\t\t\t<\/div>\n\t\t\t\t<\/div>\n\t\t\t\t<div class=\"elementor-element elementor-element-5900c28 elementor-widget elementor-widget-text-editor\" data-id=\"5900c28\" data-element_type=\"widget\" data-e-type=\"widget\" data-widget_type=\"text-editor.default\">\n\t\t\t\t<div class=\"elementor-widget-container\">\n\t\t\t\t\t\t\t\t\t<p><span style=\"color: #999999;\">A continuaci\u00f3n presentamos el resultado de los desaf\u00edos propuestos para el ejercicio anterior, con el detalle de las estrategias, las pr\u00e1cticas y los informes de auditor\u00eda que abalan la correcta ejecuci\u00f3n de los planes operativos previstos.<\/span><\/p>\t\t\t\t\t\t\t\t<\/div>\n\t\t\t\t<\/div>\n\t\t\t\t\t<\/div>\n\t\t<\/div>\n\t\t\t\t\t<\/div>\n\t\t<\/section>\n\t\t\t\t<section class=\"elementor-section elementor-top-section elementor-element elementor-element-f66a6d1 elementor-section-height-min-height elementor-section-boxed elementor-section-height-default elementor-section-items-middle\" data-id=\"f66a6d1\" data-element_type=\"section\" data-e-type=\"section\">\n\t\t\t\t\t\t<div class=\"elementor-container elementor-column-gap-default\">\n\t\t\t\t\t<div class=\"elementor-column elementor-col-100 elementor-top-column elementor-element elementor-element-f64f184\" data-id=\"f64f184\" data-element_type=\"column\" data-e-type=\"column\">\n\t\t\t<div class=\"elementor-widget-wrap elementor-element-populated\">\n\t\t\t\t\t\t<div class=\"elementor-element elementor-element-abff875 elementor-widget elementor-widget-text-editor\" data-id=\"abff875\" data-element_type=\"widget\" data-e-type=\"widget\" data-widget_type=\"text-editor.default\">\n\t\t\t\t<div class=\"elementor-widget-container\">\n\t\t\t\t\t\t\t\t\t<a href=\"https:\/\/www.coopec.coop.py\/v1\/wp-content\/uploads\/2020\/04\/Coopec_Memoria_2019.pdf\" class=\"pdfemb-viewer\" style=\"\" data-width=\"max\" data-height=\"max\" data-toolbar=\"bottom\" data-toolbar-fixed=\"off\">Coopec_Memoria_2019<\/a>\t\t\t\t\t\t\t\t<\/div>\n\t\t\t\t<\/div>\n\t\t\t\t<div class=\"elementor-element elementor-element-5be1c20 elementor-widget elementor-widget-text-editor\" data-id=\"5be1c20\" data-element_type=\"widget\" data-e-type=\"widget\" data-widget_type=\"text-editor.default\">\n\t\t\t\t<div class=\"elementor-widget-container\">\n\t\t\t\t\t\t\t\t\t<a href=\"https:\/\/www.coopec.coop.py\/v1\/wp-content\/uploads\/2022\/04\/Res.-INCOOP-No-22.119-20-Temas-Asamblea-2019-1.pdf\" class=\"pdfemb-viewer\" style=\"\" data-width=\"max\" data-height=\"max\" data-toolbar=\"bottom\" data-toolbar-fixed=\"off\">Res. INCOOP N\u00ba 22.119-20 &#8211; Temas Asamblea 2019<\/a>\t\t\t\t\t\t\t\t<\/div>\n\t\t\t\t<\/div>\n\t\t\t\t<div class=\"elementor-element elementor-element-21caacf elementor-view-stacked elementor-shape-circle elementor-position-block-start elementor-mobile-position-block-start elementor-widget elementor-widget-icon-box\" data-id=\"21caacf\" data-element_type=\"widget\" data-e-type=\"widget\" data-widget_type=\"icon-box.default\">\n\t\t\t\t<div class=\"elementor-widget-container\">\n\t\t\t\t\t\t\t<div class=\"elementor-icon-box-wrapper\">\n\n\t\t\t\t\t\t<div class=\"elementor-icon-box-icon\">\n\t\t\t\t<a href=\"https:\/\/www.coopec.coop.py\/v1\/wp-content\/uploads\/2020\/04\/Coopec_Memoria_2019.pdf\" class=\"elementor-icon elementor-animation-shrink\" tabindex=\"-1\" aria-label=\"DESCARGAR MEMORIA 2019\">\n\t\t\t\t<i aria-hidden=\"true\" class=\"fas fa-download\"><\/i>\t\t\t\t<\/a>\n\t\t\t<\/div>\n\t\t\t\n\t\t\t\t\t\t<div class=\"elementor-icon-box-content\">\n\n\t\t\t\t\t\t\t\t\t<h3 class=\"elementor-icon-box-title\">\n\t\t\t\t\t\t<a href=\"https:\/\/www.coopec.coop.py\/v1\/wp-content\/uploads\/2020\/04\/Coopec_Memoria_2019.pdf\" >\n\t\t\t\t\t\t\tDESCARGAR MEMORIA 2019\t\t\t\t\t\t<\/a>\n\t\t\t\t\t<\/h3>\n\t\t\t\t\n\t\t\t\t\t\t\t\t\t<p class=\"elementor-icon-box-description\">\n\t\t\t\t\t\tHaga clic en el icono para descargar el documento.\t\t\t\t\t<\/p>\n\t\t\t\t\n\t\t\t<\/div>\n\t\t\t\n\t\t<\/div>\n\t\t\t\t\t\t<\/div>\n\t\t\t\t<\/div>\n\t\t\t\t\t<\/div>\n\t\t<\/div>\n\t\t\t\t\t<\/div>\n\t\t<\/section>\n\t\t\t\t<\/div>\n\t\t","protected":false},"excerpt":{"rendered":"<p>Resultados del Ejercicio 2021 A continuaci\u00f3n presentamos el resultado de los desaf\u00edos propuestos para el ejercicio anterior, con el detalle de las estrategias, las pr\u00e1cticas y los informes de auditor\u00eda que abalan la correcta ejecuci\u00f3n de los planes operativos previstos. DESCARGAR MEMORIA 2021 Haga clic en el icono para descargar el documento. Resultados del Ejercicio [&hellip;]<\/p>\n","protected":false},"author":1,"featured_media":0,"parent":0,"menu_order":0,"comment_status":"closed","ping_status":"closed","template":"","meta":{"site-sidebar-layout":"default","site-content-layout":"","ast-site-content-layout":"default","site-content-style":"default","site-sidebar-style":"default","ast-global-header-display":"","ast-banner-title-visibility":"","ast-main-header-display":"","ast-hfb-above-header-display":"","ast-hfb-below-header-display":"","ast-hfb-mobile-header-display":"","site-post-title":"","ast-breadcrumbs-content":"","ast-featured-img":"","footer-sml-layout":"","ast-disable-related-posts":"","theme-transparent-header-meta":"","adv-header-id-meta":"","stick-header-meta":"","header-above-stick-meta":"","header-main-stick-meta":"","header-below-stick-meta":"","astra-migrate-meta-layouts":"default","ast-page-background-enabled":"default","ast-page-background-meta":{"desktop":{"background-color":"var(--ast-global-color-4)","background-image":"","background-repeat":"repeat","background-position":"center center","background-size":"auto","background-attachment":"scroll","background-type":"","background-media":"","overlay-type":"","overlay-color":"","overlay-opacity":"","overlay-gradient":""},"tablet":{"background-color":"","background-image":"","background-repeat":"repeat","background-position":"center center","background-size":"auto","background-attachment":"scroll","background-type":"","background-media":"","overlay-type":"","overlay-color":"","overlay-opacity":"","overlay-gradient":""},"mobile":{"background-color":"","background-image":"","background-repeat":"repeat","background-position":"center center","background-size":"auto","background-attachment":"scroll","background-type":"","background-media":"","overlay-type":"","overlay-color":"","overlay-opacity":"","overlay-gradient":""}},"ast-content-background-meta":{"desktop":{"background-color":"var(--ast-global-color-5)","background-image":"","background-repeat":"repeat","background-position":"center center","background-size":"auto","background-attachment":"scroll","background-type":"","background-media":"","overlay-type":"","overlay-color":"","overlay-opacity":"","overlay-gradient":""},"tablet":{"background-color":"var(--ast-global-color-5)","background-image":"","background-repeat":"repeat","background-position":"center center","background-size":"auto","background-attachment":"scroll","background-type":"","background-media":"","overlay-type":"","overlay-color":"","overlay-opacity":"","overlay-gradient":""},"mobile":{"background-color":"var(--ast-global-color-5)","background-image":"","background-repeat":"repeat","background-position":"center center","background-size":"auto","background-attachment":"scroll","background-type":"","background-media":"","overlay-type":"","overlay-color":"","overlay-opacity":"","overlay-gradient":""}},"footnotes":""},"class_list":["post-194","page","type-page","status-publish","hentry"],"yoast_head":"<!-- This site is optimized with the Yoast SEO plugin v27.4 - https:\/\/yoast.com\/product\/yoast-seo-wordpress\/ -->\n<title>MEMORIA Y BALANCE - COOPEC LTDA.<\/title>\n<meta name=\"robots\" content=\"index, follow, max-snippet:-1, max-image-preview:large, max-video-preview:-1\" \/>\n<link rel=\"canonical\" href=\"https:\/\/www.coopec.coop.py\/v1\/memoria-y-balance\/\" \/>\n<meta property=\"og:locale\" content=\"es_ES\" \/>\n<meta property=\"og:type\" content=\"article\" \/>\n<meta property=\"og:title\" content=\"MEMORIA Y BALANCE - COOPEC LTDA.\" \/>\n<meta property=\"og:description\" content=\"Resultados del Ejercicio 2021 A continuaci\u00f3n presentamos el resultado de los desaf\u00edos propuestos para el ejercicio anterior, con el detalle de las estrategias, las pr\u00e1cticas y los informes de auditor\u00eda que abalan la correcta ejecuci\u00f3n de los planes operativos previstos. DESCARGAR MEMORIA 2021 Haga clic en el icono para descargar el documento. Resultados del Ejercicio [&hellip;]\" \/>\n<meta property=\"og:url\" content=\"https:\/\/www.coopec.coop.py\/v1\/memoria-y-balance\/\" \/>\n<meta property=\"og:site_name\" content=\"COOPEC LTDA.\" \/>\n<meta property=\"article:publisher\" content=\"https:\/\/www.facebook.com\/coopecltdapy\" \/>\n<meta property=\"article:modified_time\" content=\"2022-04-12T13:37:16+00:00\" \/>\n<meta name=\"twitter:card\" content=\"summary_large_image\" \/>\n<meta name=\"twitter:site\" content=\"@Coopec_Ltda\" \/>\n<meta name=\"twitter:label1\" content=\"Tiempo de lectura\" \/>\n\t<meta name=\"twitter:data1\" content=\"1 minuto\" \/>\n<script type=\"application\/ld+json\" class=\"yoast-schema-graph\">{\"@context\":\"https:\\\/\\\/schema.org\",\"@graph\":[{\"@type\":\"WebPage\",\"@id\":\"https:\\\/\\\/www.coopec.coop.py\\\/v1\\\/memoria-y-balance\\\/\",\"url\":\"https:\\\/\\\/www.coopec.coop.py\\\/v1\\\/memoria-y-balance\\\/\",\"name\":\"MEMORIA Y BALANCE - COOPEC LTDA.\",\"isPartOf\":{\"@id\":\"https:\\\/\\\/www.coopec.coop.py\\\/v1\\\/#website\"},\"datePublished\":\"2019-10-28T19:09:42+00:00\",\"dateModified\":\"2022-04-12T13:37:16+00:00\",\"breadcrumb\":{\"@id\":\"https:\\\/\\\/www.coopec.coop.py\\\/v1\\\/memoria-y-balance\\\/#breadcrumb\"},\"inLanguage\":\"es\",\"potentialAction\":[{\"@type\":\"ReadAction\",\"target\":[\"https:\\\/\\\/www.coopec.coop.py\\\/v1\\\/memoria-y-balance\\\/\"]}]},{\"@type\":\"BreadcrumbList\",\"@id\":\"https:\\\/\\\/www.coopec.coop.py\\\/v1\\\/memoria-y-balance\\\/#breadcrumb\",\"itemListElement\":[{\"@type\":\"ListItem\",\"position\":1,\"name\":\"Portada\",\"item\":\"https:\\\/\\\/www.coopec.coop.py\\\/v1\\\/\"},{\"@type\":\"ListItem\",\"position\":2,\"name\":\"MEMORIA Y BALANCE\"}]},{\"@type\":\"WebSite\",\"@id\":\"https:\\\/\\\/www.coopec.coop.py\\\/v1\\\/#website\",\"url\":\"https:\\\/\\\/www.coopec.coop.py\\\/v1\\\/\",\"name\":\"COOPEC LTDA.\",\"description\":\"Cooperativa de Graduados en Ciencias Econ\u00f3micas,  Administrativas y Contables\",\"publisher\":{\"@id\":\"https:\\\/\\\/www.coopec.coop.py\\\/v1\\\/#organization\"},\"potentialAction\":[{\"@type\":\"SearchAction\",\"target\":{\"@type\":\"EntryPoint\",\"urlTemplate\":\"https:\\\/\\\/www.coopec.coop.py\\\/v1\\\/?s={search_term_string}\"},\"query-input\":{\"@type\":\"PropertyValueSpecification\",\"valueRequired\":true,\"valueName\":\"search_term_string\"}}],\"inLanguage\":\"es\"},{\"@type\":\"Organization\",\"@id\":\"https:\\\/\\\/www.coopec.coop.py\\\/v1\\\/#organization\",\"name\":\"Cooperativa de Econom\u00edstas, Administradores, Contadores y Afines\",\"url\":\"https:\\\/\\\/www.coopec.coop.py\\\/v1\\\/\",\"logo\":{\"@type\":\"ImageObject\",\"inLanguage\":\"es\",\"@id\":\"https:\\\/\\\/www.coopec.coop.py\\\/v1\\\/#\\\/schema\\\/logo\\\/image\\\/\",\"url\":\"https:\\\/\\\/www.coopec.coop.py\\\/v1\\\/wp-content\\\/uploads\\\/2023\\\/06\\\/logo-coopeclick-1.png\",\"contentUrl\":\"https:\\\/\\\/www.coopec.coop.py\\\/v1\\\/wp-content\\\/uploads\\\/2023\\\/06\\\/logo-coopeclick-1.png\",\"width\":1259,\"height\":1258,\"caption\":\"Cooperativa de Econom\u00edstas, Administradores, Contadores y Afines\"},\"image\":{\"@id\":\"https:\\\/\\\/www.coopec.coop.py\\\/v1\\\/#\\\/schema\\\/logo\\\/image\\\/\"},\"sameAs\":[\"https:\\\/\\\/www.facebook.com\\\/coopecltdapy\",\"https:\\\/\\\/x.com\\\/Coopec_Ltda\"]}]}<\/script>\n<!-- \/ Yoast SEO plugin. -->","yoast_head_json":{"title":"MEMORIA Y BALANCE - COOPEC LTDA.","robots":{"index":"index","follow":"follow","max-snippet":"max-snippet:-1","max-image-preview":"max-image-preview:large","max-video-preview":"max-video-preview:-1"},"canonical":"https:\/\/www.coopec.coop.py\/v1\/memoria-y-balance\/","og_locale":"es_ES","og_type":"article","og_title":"MEMORIA Y BALANCE - COOPEC LTDA.","og_description":"Resultados del Ejercicio 2021 A continuaci\u00f3n presentamos el resultado de los desaf\u00edos propuestos para el ejercicio anterior, con el detalle de las estrategias, las pr\u00e1cticas y los informes de auditor\u00eda que abalan la correcta ejecuci\u00f3n de los planes operativos previstos. DESCARGAR MEMORIA 2021 Haga clic en el icono para descargar el documento. Resultados del Ejercicio [&hellip;]","og_url":"https:\/\/www.coopec.coop.py\/v1\/memoria-y-balance\/","og_site_name":"COOPEC LTDA.","article_publisher":"https:\/\/www.facebook.com\/coopecltdapy","article_modified_time":"2022-04-12T13:37:16+00:00","twitter_card":"summary_large_image","twitter_site":"@Coopec_Ltda","twitter_misc":{"Tiempo de lectura":"1 minuto"},"schema":{"@context":"https:\/\/schema.org","@graph":[{"@type":"WebPage","@id":"https:\/\/www.coopec.coop.py\/v1\/memoria-y-balance\/","url":"https:\/\/www.coopec.coop.py\/v1\/memoria-y-balance\/","name":"MEMORIA Y BALANCE - COOPEC LTDA.","isPartOf":{"@id":"https:\/\/www.coopec.coop.py\/v1\/#website"},"datePublished":"2019-10-28T19:09:42+00:00","dateModified":"2022-04-12T13:37:16+00:00","breadcrumb":{"@id":"https:\/\/www.coopec.coop.py\/v1\/memoria-y-balance\/#breadcrumb"},"inLanguage":"es","potentialAction":[{"@type":"ReadAction","target":["https:\/\/www.coopec.coop.py\/v1\/memoria-y-balance\/"]}]},{"@type":"BreadcrumbList","@id":"https:\/\/www.coopec.coop.py\/v1\/memoria-y-balance\/#breadcrumb","itemListElement":[{"@type":"ListItem","position":1,"name":"Portada","item":"https:\/\/www.coopec.coop.py\/v1\/"},{"@type":"ListItem","position":2,"name":"MEMORIA Y BALANCE"}]},{"@type":"WebSite","@id":"https:\/\/www.coopec.coop.py\/v1\/#website","url":"https:\/\/www.coopec.coop.py\/v1\/","name":"COOPEC LTDA.","description":"Cooperativa de Graduados en Ciencias Econ\u00f3micas,  Administrativas y Contables","publisher":{"@id":"https:\/\/www.coopec.coop.py\/v1\/#organization"},"potentialAction":[{"@type":"SearchAction","target":{"@type":"EntryPoint","urlTemplate":"https:\/\/www.coopec.coop.py\/v1\/?s={search_term_string}"},"query-input":{"@type":"PropertyValueSpecification","valueRequired":true,"valueName":"search_term_string"}}],"inLanguage":"es"},{"@type":"Organization","@id":"https:\/\/www.coopec.coop.py\/v1\/#organization","name":"Cooperativa de Econom\u00edstas, Administradores, Contadores y Afines","url":"https:\/\/www.coopec.coop.py\/v1\/","logo":{"@type":"ImageObject","inLanguage":"es","@id":"https:\/\/www.coopec.coop.py\/v1\/#\/schema\/logo\/image\/","url":"https:\/\/www.coopec.coop.py\/v1\/wp-content\/uploads\/2023\/06\/logo-coopeclick-1.png","contentUrl":"https:\/\/www.coopec.coop.py\/v1\/wp-content\/uploads\/2023\/06\/logo-coopeclick-1.png","width":1259,"height":1258,"caption":"Cooperativa de Econom\u00edstas, Administradores, Contadores y Afines"},"image":{"@id":"https:\/\/www.coopec.coop.py\/v1\/#\/schema\/logo\/image\/"},"sameAs":["https:\/\/www.facebook.com\/coopecltdapy","https:\/\/x.com\/Coopec_Ltda"]}]}},"_links":{"self":[{"href":"https:\/\/www.coopec.coop.py\/v1\/wp-json\/wp\/v2\/pages\/194","targetHints":{"allow":["GET"]}}],"collection":[{"href":"https:\/\/www.coopec.coop.py\/v1\/wp-json\/wp\/v2\/pages"}],"about":[{"href":"https:\/\/www.coopec.coop.py\/v1\/wp-json\/wp\/v2\/types\/page"}],"author":[{"embeddable":true,"href":"https:\/\/www.coopec.coop.py\/v1\/wp-json\/wp\/v2\/users\/1"}],"replies":[{"embeddable":true,"href":"https:\/\/www.coopec.coop.py\/v1\/wp-json\/wp\/v2\/comments?post=194"}],"version-history":[{"count":58,"href":"https:\/\/www.coopec.coop.py\/v1\/wp-json\/wp\/v2\/pages\/194\/revisions"}],"predecessor-version":[{"id":1258,"href":"https:\/\/www.coopec.coop.py\/v1\/wp-json\/wp\/v2\/pages\/194\/revisions\/1258"}],"wp:attachment":[{"href":"https:\/\/www.coopec.coop.py\/v1\/wp-json\/wp\/v2\/media?parent=194"}],"curies":[{"name":"wp","href":"https:\/\/api.w.org\/{rel}","templated":true}]}}